What is x(-12)?
-8
Let a(u) = -3*u**3 - 186*u**2 + 381*u - 206. Determine a(-64).
-14
Let p(v) = -4*v**2 + 60232*v - 421427. Give p(7).
1
Let c(a) = -a**2 + 656*a + 3969. Give c(-6).
-3
Let b(w) = 72*w + 5237. Determine b(-77).
-307
Let y(r) = 35*r**2 + 7325*r - 802. Give y(-209).
-2892
Let p(a) = -15041*a + 2602098. Calculate p(173).
5
Let j(a) = a**3 + 121*a**2 - 233*a + 145. Determine j(-123).
-1454
Let t(n) = 2*n**3 + 374*n**2 + 1435*n - 5312. Give t(-183).
-5
Let m(j) = -236140*j - 20780326. Give m(-88).
-6
Let z(k) = 1823*k + 1277915. Give z(-701).
-8
Let x(a) = 9825*a + 1424638. Give x(-145).
13
Let d(k) = 61*k + 334. What is d(-8)?
-154
Let w(a) = -1228*a + 267736. What is w(218)?
32
Let s(m) = -4573*m**2 + 50314*m - 34. Calculate s(11).
87
Let q(i) = 1216*i + 126325. Calculate q(-104).
-139
Let o(k) = 144*k**3 + 3028*k**2 + 82*k - 29. Determine o(-21).
13
Let u(k) = 2*k**2 - 1020*k + 130014. Calculate u(258).
-18
Let t(u) = -7250*u - 1290516. What is t(-178)?
-16
Let d(p) = 37*p**3 + 239*p**2 - 475*p - 7. Calculate d(2).
295
Let l(q) = 2*q + 1968. Calculate l(-155).
1658
Let z(u) = u**3 + 14*u**2 - 177*u - 237. Give z(9).
33
Let g(o) = -72*o**2 + 634*o + 79. What is g(11)?
-1659
Let w(h) = -h**3 + 219*h**2 + 2772*h + 189. Determine w(231).
189
Let o(u) = 7*u**2 - 1544*u + 3922. Calculate o(218).
-2
Let i(w) = 1260*w - 69420. Determine i(54).
-1380
Let v(r) = 5*r**3 - 2*r**2 + 21*r + 20. Determine v(-1).
-8
Let y(h) = 5*h**2 - 26*h + 135. Calculate y(7).
198
Let d(z) = z**3 - 113*z**2 + 3110*z - 585. Determine d(47).
-209
Let f(n) = 2*n**3 + 39*n**2 + 15*n - 547. Give f(-19).
-471
Let q(z) = -3*z**2 - 645*z - 33563. Give q(-91).
289
Let n(a) = -1940*a + 770169. Determine n(397).
-11
Let u(f) = 11894*f - 3532473. What is u(297)?
45
Let s(c) = -2*c**2 + 3018*c - 171101. Calculate s(59).
-1
Let d(l) = l**3 - 1169*l**2 - 965*l - 239843. What is d(1170)?
7
Let g(k) = 61574*k - 615663. Give g(10).
77
Let k(j) = 7*j**2 - 1318*j + 36952. Determine k(154).
-8
Let t(f) = f**3 - 20*f**2 - 1067*f - 107. Determine t(44).
-591
Let g(t) = 7*t**3 + 854*t**2 + 7150*t + 3482. Give g(-113).
-21
Let t(v) = -8933*v - 607490. Calculate t(-68).
-46
Let x(m) = m**2 - 769*m + 45889. Give x(65).
129
Let f(p) = -2270*p - 154354. Give f(-68).
6
Let d(q) = -61*q**2 + 34001*q + 20525. Calculate d(558).
-121
Let d(o) = -224*o**2 - 49*o - 92. What is d(-2)?
-890
Let u(o) = -7*o**2 - 53*o - 272. Calculate u(-5).
-182
Let c(o) = o**3 - 5*o**2 + 92*o - 747. What is c(8)?
181
Let q(p) = -p**2 + 12585*p + 1191816. What is q(-94)?
-10
Let c(z) = 26*z + 2409. Calculate c(-88).
121
Let h(b) = 145*b - 3806. Determine h(22).
-616
Let o(f) = 4*f**3 + 332*f**2 + 353*f + 2187. Determine o(-82).
137
Let h(f) = -f**3 + 40*f**2 + 59*f + 945. Determine h(42).
-105
Let v(u) = -39*u**2 - 706*u - 1074. Determine v(-16).
238
Let a(m) = 151*m - 15140. Calculate a(101).
111
Let n(z) = -215*z**3 - 4*z**2 + 29*z - 57. Calculate n(2).
-1735
Let i(y) = -13*y**3 + 105*y**2 + 11*y - 35. Calculate i(8).
117
Let q(u) = 7087*u + 114129. Give q(-16).
737
Let p(j) = 37*j - 1790. Calculate p(58).
356
Let g(o) = o**3 + 283*o**2 - 2000*o - 89. What is g(7)?
121
Let s(o) = o**3 + 1107*o**2 + 4403*o - 9916. Give s(-1103).
11
Let t(b) = 5*b**3 - 10*b**2 + 38*b + 9. What is t(5)?
574
Let l(k) = 423959*k - 847919. Calculate l(2).
-1
Let z(u) = u**3 + 17*u**2 - 15*u + 156. Calculate z(6).
894
Let g(u) = 1795*u - 49411. Determine g(28).
849
Let r(q) = 69*q**3 - 2136*q**2 - 125*q + 987. Calculate r(31).
-5
Let t(i) = 2*i**2 - 89*i - 2452. Determine t(-19).
-39
Let j(r) = -57837*r + 5147489. Determine j(89).
-4
Let m(g) = 3*g**2 - 147*g + 1790. Give m(21).
26
Let n(b) = -2*b**3 + 247*b**2 - 144*b + 1895. Give n(123).
-688
Let t(v) = v**3 + 59*v**2 - 175*v + 717. Calculate t(-62).
35
Let h(x) = x**3 + x**2 - 299*x + 532. Calculate h(-19).
-285
Let n(t) = 2021*t + 772023. What is n(-382)?
1
Let s(z) = z**3 - 589*z**2 + 74337*z - 15840. Calculate s(406).
-6
Let p(z) = 2232*z + 573555. What is p(-257)?
-69
Let v(a) = 567*a + 28175. Give v(-47).
1526
Let k(a) = 2*a**2 - 8485*a - 127731. What is k(-15)?
-6
Let z(o) = 3*o**2 - 395*o - 871. Give z(121).
-4743
Let l(n) = -n**3 + 377*n**2 - 3307*n - 1655. Determine l(368).
185
Let n(g) = -135853*g + 9917316. What is n(73)?
47
Let y(g) = -630*g - 61730. Calculate y(-98).
10
Let b(w) = -2224*w - 42227. What is b(-19)?
29
Let u(p) = -68920*p - 344600. Determine u(-5).
0
Let r(g) = 5*g**2 - 116*g - 1905. What is r(-13)?
448
Let x(l) = l**3 + 9*l**2 + 106*l + 2429. Calculate x(-14).
-35
Let v(b) = -7*b**3 + 18*b**2 + 863*b - 3485. What is v(4)?
-193
Let v(n) = 17*n**2 - 123*n + 13. Give v(7).
-15
Let y(d) = 48*d**3 + 167*d**2 - 5*d + 6. Give y(-2).
300
Let t(r) = 19327*r + 753752. Give t(-39).
-1
Let n(j) = 18754*j + 281306. Determine n(-15).
-4
Let r(w) = 15*w**2 + 384*w - 26. Determine r(-31).
2485
Let k(u) = 1361*u - 469569. What is k(345)?
-24
Let t(i) = 2*i**3 + 2*i**2 + 198*i + 623. Determine t(-3).
-7
Let s(z) = 2*z**2 + 526*z + 1565. Calculate s(-3).
5
Let c(n) = 2*n**3 + 27*n**2 + 350*n + 1112. Give c(-8).
-984
Let g(v) = v**2 + 945*v + 86729. Give g(-103).
3
Let b(d) = -46*d**2 - 2792*d + 26. What is b(-61)?
-828
Let u(l) = -35*l**2 + 80*l - 242. Calculate u(8).
-1842
Let x(z) = -3064*z + 56292. Determine x(19).
-1924
Let d(g) = -39323*g + 5662528. Calculate d(144).
16
Let q(b) = -1162*b - 1454. What is q(-2)?
870
Let l(h) = h**2 + 30949*h + 9. Determine l(0).
9
Let n(i) = -3*i**3 - 175*i**2 + 18031*i - 136. Determine n(-112).
-24
Let m(s) = 6*s**2 + 551*s + 52. What is m(-91)?
-403
Let s(g) = 2106*g + 193745. What is s(-92)?
-7
Let g(q) = -q**3 + 31*q**2 - 21*q + 405. Calculate g(31).
-246
Let i(w) = 2*w**3 + 854*w**2 + 1722*w + 29. Calculate i(-2).
-15
Let c(y) = 1098*y - 2960. Determine c(3).
334
Let x(h) = -8744*h - 43685. Give x(-5).
35
Let t(d) = 3541*d - 102819. Calculate t(29).
-130
Let g(c) = -c**3 - 181*c**2 - 7379*c + 83. What is g(-119)?
202
Let z(w) = -2*w**3 - 995*w**2 - 471*w + 12911. What is z(-497)?
-11
Let z(h) = h**3 - 17*h**2 + 8*h - 75. What is z(12)?
-699
Let n(y) = 175*y**3 + 5*y + 3. Calculate n(-1).
-177
Let f(j) = 11*j**3 - 893*j**2 + 383*j - 18056. What is f(81)?
-155
Let q(k) = -155607*k + 778045. What is q(5)?
10
Let y(d) = -3*d**3 - 30*d**2 + 8*d + 295. What is y(-5)?
-120
Let t(d) = 138*d**3 - 6*d**2 + 5*d - 7. Determine t(2).
1083
Let v(d) = 656*d**3 - 7235*d**2 + 206*d + 41. What is v(11)?
8
Let j(q) = 8970*q + 35686. What is j(-4)?
-194
Let h(t) = 111*t**2 + 7347*t - 37908. Give h(-71).
6
Let u(h) = 677*h**2 + 71134*h + 5148. What is u(-105)?
3
Let p(n) = -84*n**2 - 7646*n + 692. Give p(-91).
874
Let b(w) = -154032*w + 616131. Determine b(4).
3
Let p(d) = 79255*d - 1664350. Calculate p(21).
5
Let r(q) = q**3 + 311*q**2 + 6641*q + 4901. Give r(-288).
5
Let b(o) = 4*o**2 - 774*o + 32190. Calculate b(133).
4
Let f(s) = 3*s**3 + 233*s**2 + 405*s + 2361. Calculate f(-76).
461
Let r(f) = f**3 - 37*f**2 - 443*f + 3685. What is r(45)?
-50
Let w(x) = 2*x**2 - 33222*x - 2268353. Determine w(-68).
-9
Let o(y) = -11*y**3 + 2323*y**2 - 409*y - 2728. Give o(211).
15
Let n(u) = 11*u**2 + 105*u - 494. What is n(-16)?
642
Let f(o) = 140*o**2 + 55865*o + 2021. Determine f(-399).
26
Let v(y) = -22284*y - 9225581. Calculate v(-414).
-5
Let j(c) = c**3 - 891*c**2 + 24220*c - 48322. Determine j(863).
6
Let o(f) = 9*f**3 - 99*f**2 + 36*f - 22. Give o(6).
-1426
Let y(p) = 9*p**2 - 439*p - 4451. Determine y(-10).
839
Let g(o) = 156*o**3 + 5*o**2 + 18*o + 15. Calculate g(-1).
-154
Let b(h) = 3*h**3 - 39*h**2 + 45*h + 606. Give b(9).
39
Let u(o) = -218*o + 3079. What is u(24)?
-2153
Let y(v) = 41*v - 7324. Give y(180).
56
Let k(l) = -l**3 + 25*l**2 + 9*l + 19. Determine k(24).
811
Let b(d) = -154*d + 128. Determine b(6).
-796
Let q(i) = -5*i**2 - 1733*i + 6937. Calculate q(4).
-75
Let i(t) = 7*t**2 + 50*t - 467. Calculate i(5).
-42
Let z(b) = 140*b**2 - 165*b + 264. What is z(2)?
494
Let v(f) = -7*f**3 - 12*f**2 + 70*f + 77. Calculate v(-1).
2
Let p(r) = r**2 - 10*r - 442. Determine p(29).
109
Let t(f) = -2886725*f + 5773455. Give t(2).
5
Let s(k) = 160*k**2 + 39*k - 62. Calculate s(-1).
59
Let y(k) = 4*k**3 + 313*k**2 + 339*k - 3556. Determine y(-77).
-1